sands digit of l?
1
Let l(d) = d**3 - 2*d**2 + 2*d + 57. Let y be l(0). Suppose 5*j = -k - k + 1944, -4*j + 5*k + 1542 = 0. Suppose -5*w + j = -y. What is the units digit of w?
9
Let n(i) = i**2 - 14*i + 22. Suppose 5*z - 256 = -2*v, -3*v - 214 = -2*z - 2*z. Suppose 11*s - z = 102. What is the tens digit of n(s)?
2
Let x = -3591 - -5388. Let l = 2753 - x. What is the tens digit of l?
5
Let f(s) = s**2 - 94*s - 1833. Let g be f(-19). Let c = 1 + 1. Suppose -c*v + 302 = 6*z - 3*z, -2*v + g = -3*z. What is the hundreds digit of v?
1
Suppose -67508 + 22318 = -5*a. What is the thousands digit of a?
9
Suppose 755 = 5*s + 3*n, 4*s + 0*n + 5*n = 604. Let b = s - 123. What is the units digit of b?
8
Let u = 7257 - 561. What is the units digit of u?
6
Let u = 137064 - 50427. What is the units digit of u?
7
Let d = -131 + 209. What is the units digit of (-1976)/d*9/(-2)?
4
Let s(c) = c**2 + 12*c + 26. Let h be s(-10). Suppose -r + 3 = 0, 0 = 10*b - 7*b + r - h. What is the tens digit of -198*(b/2)/(1/(-2))?
9
Let s be (2 - 24/13) + (-1760)/(-52). Let y be -3 - (-24)/4 - s. Let h = y + 91. What is the tens digit of h?
6
Let l(o) = -154*o - 154. Let m be l(6). Let v = 2275 + m. What is the units digit of v?
7
Let b(t) = -31*t - 32 - 11*t + 11*t + 5*t. What is the hundreds digit of b(-20)?
4
Suppose 4*c + 6*v = 64263 + 58623, 0 = 3*c - v - 92137. What is the ten thousands digit of c?
3
Let k(l) be the third derivative of 41*l**4/12 + 7*l**3/6 + 18*l**2. What is the units digit of k(5)?
7
Let c(s) = -46*s + 75. What is the units digit of c(-19)?
9
Suppose -2*l + 209428 = 80*m - 75*m, -4*l = -2*m + 83800. What is the tens digit of m?
8
Suppose 0 = -9*y - 0*y + 387. Suppose -40*p - 57 = -y*p. Suppose -p*a = -22*a + 462. What is the tens digit of a?
5
Let a be -30*((-68)/(-12) + -3). Let f be 2/(-9) - a/36. Suppose -3*m - 2*o = -160, f*m - 110 = -5*o + 3*o. What is the tens digit of m?
5
What is the tens digit of 2299/41382 - (1964662/(-36) - -1)?
7
Let y be (-26)/3 - 8/(-12). Let u(t) = 4*t**2 + 15*t + 47. What is the tens digit of u(y)?
8
Let v(c) = 3*c + 95. Suppose 21*s - 7*s = 490. What is the tens digit of v(s)?
0
Let i(z) = 4048*z + 152. What is the tens digit of i(1)?
0
Let k(q) = -2*q - 2. Let s be k(-5). Let t be 12/1 + 56/(-2). What is the units digit of 0 + (-4)/t + 1470/s?
4
Let g(x) be the first derivative of x**2/2 + 16*x - 5. Let q be g(12). Suppose 5*d - 7 = q. What is the units digit of d?
7
Let j(s) = 2 + 29 - 21*s + 22 - 30. Let n = -23 + 20. What is the tens digit of j(n)?
8
Let o be (-64)/12 + ((-14)/(-6) - 2). Let c(w) = -125*w. What is the units digit of c(o)?
5
Let w(f) = -f**3 - 6*f**2 - 3*f - 14. Let l(n) = -8*n**3 + 2*n**2 + n - 2. Let p be l(1). Let g be w(p). What is the units digit of (g/5)/(2/(-30)*-3)?
6
Let y = -82 + 2044. Suppose 0 = -7*t + 5*t + y. What is the units digit of t?
1
Let f = -62 - -62. Suppose 0 = -5*x + 2*x + m + 2389, f = -4*x + 5*m + 3167. What is the units digit of x?
8
Let f(d) = 4*d**3 - 31*d**2 + 237*d. What is the units digit of f(11)?
0
Suppose -7*b = -24 + 115. Let h(w) = 8*w**2 - w - 88. What is the units digit of h(b)?
7
Let j(h) = -3*h - 30. Let y = 0 + -12. Let q be j(y). Suppose 4*t - 7*t = -q. What is the units digit of t?
2
Let w be (182/(-39))/(1/(-147)). Let n = -459 + w. What is the hundreds digit of n?
2
Let v = 13798 - 6021. What is the hundreds digit of v?
7
Let a(d) = -29*d + 62. Let w be a(2). Suppose w*t = 17*t - 16926. What is the units digit of t?
2
Suppose 0 = -6*i - 24, -8*b - 2*i = -12*b + 51316. What is the ten thousands digit of b?
1
Suppose 8*j - 21*j + 1007032 = 0. Suppose 10*m + 36*m - j = 0. What is the thousands digit of m?
1
Suppose 0 = 11*a - 25*a + 10710. What is the tens digit of 18/(-33) + a/11?
6
What is the hundreds digit of 6/(-8 + ((-66024)/1374)/(-6))?
6
Let y be (-4 - (-6153)/6)/((-3)/(-4)). Let s = y - 332. What is the units digit of s?
0
Let g(n) = -4*n - 12. Let o be g(-4). Suppose -2 = -2*h - 6, o*v = 4*h + 3824. What is the hundreds digit of v?
9
Let b = -297 - -297. Suppose -8*j + 14*j - 1866 = b. What is the hundreds digit of j?
3
Suppose -5*d = k + 16, 0 = -3*k - 4*d - 3 - 1. Suppose -2*y = k*y - y. Suppose y = 5*r + 25, -3*l - 3*r + 590 = -4*r. What is the tens digit of l?
9
Let r = 14590 - -9192. What is the units digit of r?
2
Let f = -30 + 15. Let k(s) = -23*s - 103. What is the tens digit of k(f)?
4
Let s be (1 + 20/(-24)*2)*-84. Suppose 9*q + s = 20. What is the hundreds digit of 8869/77 - q/(-22)?
1
Let g(y) = 8*y**2 - 12*y + 21. Let h be (-55)/(-60)*-3*-4. What is the hundreds digit of g(h)?
8
Suppose 4*j - 21 - 3 = -4*a, -5*j + 2*a + 16 = 0. Suppose 5*z - 313 = -p, j*p + 3*z - 1316 = -z. What is the units digit of p?
3
Let j = 5941 - -3463. What is the hundreds digit of j?
4
Let p be 6*2/(-3) + 6. What is the units digit of p + -1 - (1 + -4 + -292)?
6
Let b(k) = -63*k + 78. Let g be b(-17). Suppose 0 = 21*x - 16500 + g. What is the units digit of x?
1
Let g be (-2*6/(-8))/((-11)/(-66)). Suppose -2145 + 21 = -g*q. What is the units digit of q?
6
Suppose 5*l + 4*d = 12527, -620*d = 4*l - 621*d - 10030. What is the thousands digit of l?
2
Let d(f) = -f**2 - 7*f - 6. Let v be d(-3). Let a(r) = -30*r + 7 + v*r**2 - 6*r + r + 0*r. What is the tens digit of a(7)?
5
Suppose s - 150 = -5*q, 3*q - 72 = 4*s - s. Suppose 0 = -4*k + 491 + q. Suppose -c + k = 22. What is the units digit of c?
8
Let v(o) = 2*o + 10. Let y be v(-5). What is the units digit of (7 - 0 - 10) + (244 - y)?
1
Suppose 206 = -f + 4050. What is the units digit of f?
4
Let c = 5266 - 520. What is the tens digit of c?
4
Let v = 29846 - 19760. What is the thousands digit of v?
0
Let r = 137 + -175. Let w = 211 - 116. Let v = r + w. What is the units digit of v?
7
Let j(m) be the third derivative of -m**4 - m**3/6 + 17*m**2. Let c be j(-2). Let r = c + -38. What is the units digit of r?
9
Suppose -3*m + 17 = d, m + 2 = 3*d + 1. Suppose -h = -4*h - 4*a + 277, -241 = -3*h + 5*a. Let x = h + m. What is the tens digit of x?
9
Let w = 19687 - 14808. What is the units digit of w?
9
Let d(p) be the third derivative of p**6/40 - p**5/60 - p**4/8 + 19*p**3/6 + 2*p**2 + 95*p. What is the units digit of d(5)?
4
Let i = -56 - 51. Let d = 167 + i. Suppose -3*g + 3 = -d. What is the tens digit of g?
2
Let b(t) = -447*t - 272. Let w(d) = 223*d + 135. Let j(r) = 3*b(r) + 5*w(r). What is the hundreds digit of j(-3)?
5
Suppose 11*g - 23549 = 8439. What is the hundreds digit of g?
9
Suppose 4*w - 51524 = 2*o, -w - 515*o + 12891 = -518*o. What is the hundreds digit of w?
8
Let o(u) = -17*u + 8. Let b(l) = 21*l - 1. Let z be b(1). Let j be (22/z + 3/(-6))*-5. What is the tens digit of o(j)?
5
Let z(o) = 3869*o - 5540. What is the tens digit of z(14)?
2
Let t be ((-23)/(-2))/(-1)*-8. Let w = 12085 - 12079. What is the tens digit of (1*t/(-2))/(w/(-12))?
9
Let a(y) = -y**3 - 6*y**2 + 196*y - 10. What is the units digit of a(-28)?
0
Let x(b) = 35*b - 133. Let l be x(4). Suppose 3*d + 222 = 3*j, 3*j + 3*d = l*j - 292. What is the tens digit of j?
7
Let p(x) = 3239*x**2 - 56*x + 26. What is the ten thousands digit of p(2)?
1
Suppose 5*d - 3*n - 7 + 22 = 0, 3*d + 9 = -5*n. Let p = d - -7. What is the tens digit of 4/(p + 0) + 90?
9
Suppose 35687 = 2*o + 4*z + 5379, o + 3*z = 15147. What is the thousands digit of o?
5
Let p(c) be the third derivative of c**5/10 - c**4/24 + 5*c**3/2 + 6*c**2 + 1. What is the units digit of p(6)?
5
Suppose -36*n + 73*n = 6*n + 795646. What is the hundreds digit of n?
6
Suppose 0 = 4*k - 2*k + 3*o - 35, -3*k + 45 = 2*o. Suppose 0*u - 65 = -k*u. What is the units digit of 0 - (0 + u) - -11?
6
Suppose 3*g + 10 = 5*g + 2*x, -3*g + 3*x = -9. Suppose 3*f + 0*r - g*r - 61 = 0, 2*f = -5*r + 79. What is the hundreds digit of 6/f + 1922/18?
1
Suppose -8 = -14*m + 18*m, 14183 = 3*b + 5*m. What is the units digit of b?
1
Let w(y) = 10*y**3 + 11*y**2 + 34*y + 11. What is the units digit of w(20)?
1
Let y(f) be the first derivative of 13*f**3/6 - 47*f**2 - 10*f + 49. Let t(z) be the first derivative of y(z). What is the hundreds digit of t(18)?
1
Let w = 77787 - 34013. What is the units digit of w?
4
Suppose 5*g - 139484 = y, 2*g - 55820 = 77*y - 81*y. What is the ten thousands digit of g?
2
Suppos